et u(h) = -h**2 + 3310*h - 9924. Determine u(3).
-3
Let b(h) = h**3 + 487*h**2 + 393*h - 45200. Calculate b(-486).
-2
Let a(h) = h**3 + 18*h**2 + 28*h - 192. What is a(-5)?
-7
Let d(n) = -17264*n - 138370. Give d(-8).
-258
Let n(i) = -214270*i + 1714144. What is n(8)?
-16
Let r(g) = 6*g**3 + 5*g**2 + 26*g - 153. Determine r(7).
2332
Let d(b) = -5*b**3 - 324*b**2 + 55*b - 655. Give d(-65).
-5
Let s(h) = -272*h + 1669. Calculate s(9).
-779
Let b(x) = 9*x**3 + 5828*x**2 + 99544*x + 2509. Give b(-630).
-11
Let a(j) = 2544724*j + 12723606. Give a(-5).
-14
Let t(u) = 816*u - 154856. What is t(190)?
184
Let z(q) = 25*q**3 + 32*q**2 + 14*q + 23. Give z(-3).
-406
Let d(f) = -7*f**3 - 8*f**2 - 1046*f + 1055. Give d(1).
-6
Let l(i) = i**3 - 35*i**2 + 143*i + 278. What is l(30)?
68
Let k(g) = 10*g**2 - 167*g - 240. What is k(18)?
-6
Let w(p) = p**3 - 601*p**2 - 2238*p + 2058158. Calculate w(599).
-6
Let m(z) = z**3 + 8*z**2 + 63*z + 245. Give m(-6).
-61
Let n(w) = -45422*w + 4269743. Calculate n(94).
75
Let m(a) = -23913*a - 813038. Calculate m(-34).
4
Let b(l) = -73*l**3 - 3*l**2 + 17*l + 20. Calculate b(-1).
73
Let c(t) = -208*t + 37629. Determine c(181).
-19
Let x(n) = 363*n - 21582. Give x(59).
-165
Let d(m) = -32044*m + 224248. Determine d(7).
-60
Let t(u) = -28708*u - 286861. Determine t(-10).
219
Let j(m) = 5*m**3 + 159*m**2 + 486*m - 19. Determine j(-3).
-181
Let r(f) = -7457*f + 499615. Determine r(67).
-4
Let c(g) = g**3 + 391*g**2 + 298*g - 35876. Give c(-390).
4
Let w(p) = 2712*p + 2082828. Determine w(-768).
12
Let o(u) = 23*u**2 + 19966*u - 19967. Determine o(1).
22
Let b(t) = -2128572*t - 14900009. Give b(-7).
-5
Let z(t) = 233*t + 1617. Give z(-7).
-14
Let b(u) = -31664*u**2 - 348297*u + 78. Give b(-11).
1
Let s(j) = -2*j**3 - 31*j**2 + 2*j + 1082. What is s(-12)?
50
Let l(g) = -148076*g + 1480692. What is l(10)?
-68
Let c(r) = 3*r**3 - 494*r**2 - 194*r + 4786. Determine c(165).
1
Let j(z) = 81*z**3 + 12*z**2 + 59*z - 70. Give j(1).
82
Let n(q) = 11*q**2 + 2343*q + 81793. Give n(-44).
-3
Let j(q) = 9*q**2 - 7666*q + 30656. Give j(4).
136
Let q(w) = -12*w**3 + 151*w**2 + 96*w - 786. What is q(2)?
-86
Let w(v) = -8861*v**2 + 53166*v + 1. Calculate w(6).
1
Let r(b) = b**2 + 10112*b + 201846. Determine r(-20).
6
Let x(t) = -t**3 - 216*t**2 + 6005*t - 4818. What is x(-241)?
2
Let b(q) = -33*q + 331. Give b(112).
-3365
Let d(m) = 578*m + 6836. Give d(-10).
1056
Let b(n) = 9*n**2 - 1653*n + 1189. Determine b(183).
91
Let w(u) = 2*u**3 + 379*u**2 + 935*u + 1316. Calculate w(-187).
1316
Let d(f) = f**3 + 4*f**2 - 35*f + 184. Give d(-11).
-278
Let v(q) = 2209*q + 102326. Determine v(-46).
712
Let z(b) = -2181*b + 80684. Determine z(37).
-13
Let s(b) = b**2 - 7723*b + 107928. What is s(14)?
2
Let p(v) = -v**3 - 19*v**2 + 164*v + 2787. Determine p(-18).
-489
Let d(x) = 23141*x - 23199. Give d(1).
-58
Let y(d) = 2876*d + 356627. Give y(-124).
3
Let v(n) = -6*n**2 - 1353*n - 4020. Determine v(-3).
-15
Let s(f) = -8*f**3 + 6*f**2 - 10881*f - 10886. Give s(-1).
9
Let u(z) = 5*z**2 - 2730*z + 60484. Determine u(23).
339
Let s(i) = 866*i - 196614. Calculate s(227).
-32
Let f(x) = -2*x**3 - 70*x**2 + x + 107. What is f(-35)?
72
Let f(y) = 2*y**2 + 914*y + 84947. Calculate f(-327).
-73
Let t(i) = 14*i**2 + 6559*i + 19680. Determine t(-3).
129
Let s(p) = 363*p + 10711. Determine s(-30).
-179
Let t(q) = 11511*q - 2578461. Determine t(224).
3
Let q(k) = 2*k**3 + 12*k**2 - 244*k + 417. What is q(2)?
-7
Let l(h) = 549*h + 178402. What is l(-325)?
-23
Let m(p) = 2*p**3 + 348*p**2 - 17*p - 2869. Give m(-174).
89
Let q(x) = x**3 - 2*x**2 + 53*x - 232. Give q(4).
12
Let v(t) = t**3 + 79*t**2 - 8737*t + 218. Determine v(-141).
-487
Let h(f) = -311*f**2 + 8723*f - 409. Give h(28).
11
Let w(g) = -58*g**2 + 23887*g + 3687. Calculate w(412).
-21
Let a(l) = -8*l**2 + 50909*l - 101795. Calculate a(2).
-9
Let h(v) = -13*v**2 - 220*v + 683. Calculate h(-19).
170
Let n(z) = -z**2 - 1407*z - 376931. What is n(-360)?
-11
Let b(a) = 1301*a - 15403. Calculate b(12).
209
Let h(i) = 18*i**2 - 5947*i - 394356. Calculate h(387).
-3
Let d(w) = -81810*w - 9408131. Calculate d(-115).
19
Let u(i) = i**3 - 3*i**2 - 111036*i + 555147. What is u(5)?
17
Let p(c) = -9*c**2 - 383*c + 13135. What is p(-65)?
5
Let a(v) = 7379*v - 140187. Calculate a(19).
14
Let b(c) = 12*c**2 + 35*c - 31. What is b(-3)?
-28
Let r(k) = -k**3 - 17*k**2 - 28423*k - 454524. Calculate r(-16).
-12
Let x(b) = -b**2 - 144*b + 14631. What is x(-218)?
-1501
Let p(h) = h**3 - 99*h**2 - 114*h - 627. What is p(100)?
-2027
Let g(p) = 275*p**2 + 273*p + 278. Determine g(-1).
280
Let n(v) = -21*v**2 + 12*v + 79. Calculate n(0).
79
Let g(d) = -d**2 - 21*d + 9703. What is g(-107)?
501
Let q(i) = -171*i + 19874. Determine q(116).
38
Let a(d) = 1033*d - 7847. Give a(8).
417
Let u(q) = 3*q**3 + 697*q**2 + 287*q + 12798. Determine u(-232).
38
Let c(b) = -6*b**3 - 119*b**2 + 40*b + 68. Determine c(-20).
-332
Let p(o) = -12842*o - 308233. Calculate p(-24).
-25
Let w(j) = -122836*j + 859854. Determine w(7).
2
Let a(u) = -2*u**2 - 539*u + 95. What is a(0)?
95
Let z(d) = 73864*d + 664819. Give z(-9).
43
Let w(a) = -2*a**3 - 24*a**2 - 229*a - 3294. Give w(-13).
21
Let w(m) = 34*m**2 - 983*m - 3510. Determine w(32).
-150
Let s(v) = -3*v**3 - 3*v**2 - 89*v + 87. What is s(0)?
87
Let c(r) = -r**2 - 429147*r + 4291554. What is c(10)?
-16
Let k(b) = -34*b + 211. Determine k(-8).
483
Let f(m) = -2298*m - 50599. Give f(-22).
-43
Let v(k) = k**2 + 3722*k - 142735. Give v(38).
145
Let o(d) = d**2 - 289*d + 13716. Give o(229).
-24
Let i(v) = -19*v**2 + 1261*v - 5. Calculate i(67).
-809
Let l(i) = i**2 + 98*i + 2304. Determine l(-33).
159
Let u(q) = 42*q**2 - 1743*q - 2700. Give u(43).
9
Let n(x) = -8*x - 101. Calculate n(-18).
43
Let s(t) = -t**3 + 3125*t**2 + 34452*t - 501. Give s(-11).
-17
Let p(x) = -4247*x + 12463. Give p(3).
-278
Let j(w) = -74*w**3 + 358*w**2 + 6*w - 105. Calculate j(5).
-375
Let k(j) = -j**3 + 43*j**2 + 33*j - 2548. What is k(42)?
602
Let h(l) = -1038*l + 13565. Determine h(11).
2147
Let u(h) = -6948*h + 69507. Give u(10).
27
Let s(n) = -25*n**2 + 7033*n - 9244. Give s(280).
-4
Let o(q) = -222203*q + 19998264. Give o(90).
-6
Let d(p) = -2136*p - 22179. Calculate d(-10).
-819
Let w(v) = 3*v**3 + 183*v**2 + 1749*v - 697. Give w(-49).
38
Let c(h) = 47*h**2 + 60*h + 56. Calculate c(-8).
2584
Let l(g) = 1279256*g + 3837778. Determine l(-3).
10
Let u(b) = -104*b + 976. Calculate u(8).
144
Let c(b) = -10*b**2 - 18*b + 421. Give c(8).
-363
Let n(i) = -54105*i - 324670. What is n(-6)?
-40
Let b(q) = 2*q**2 - 2676*q + 416886. Give b(180).
6
Let b(q) = -2*q**3 - 843*q**2 + 5566*q + 868. Give b(-428).
12
Let c(q) = 51*q + 79. Determine c(1).
130
Let n(y) = 61*y**2 - 786*y + 2129. Determine n(9).
-4
Let z(k) = -2*k**3 + 18*k**2 - 14*k + 52. What is z(9)?
-74
Let s(o) = 1554*o + 34216. What is s(-22)?
28
Let m(c) = -206*c + 300. Calculate m(-7).
1742
Let j(v) = 20*v**3 + 153*v**2 + 57*v + 15. Calculate j(-7).
253
Let w(l) = l**2 + 222*l - 27105. Calculate w(-309).
-222
Let y(x) = 2*x**2 - 11854*x - 71172. Determine y(-6).
24
Let x(q) = -4*q**2 + 37*q + 992. Calculate x(21).
5
Let z(p) = 464*p - 154018. Determine z(332).
30
Let k(h) = -2*h**2 + 61*h + 5906. Calculate k(-40).
266
Let b(j) = -1512346*j + 7561801. Calculate b(5).
71
Let r(c) = -778*c + 31166. Give r(40).
46
Let m(a) = -15*a**2 - 273*a - 1190. Calculate m(-7).
-14
Let w(q) = 609*q**2 - 1548*q + 2. Give w(3).
839
Let u(l) = 2*l**3 - 52*l**2 - 122*l - 2. Determine u(28).
-282
Let z(y) = 1278*y - 83809. What is z(63)?
-3295
Let t(h) = 3*h**3 - 574*h**2 + 403*h - 40488. Determine t(191).
4
Let g(b) = -4*b**3 - 154*b**2 + 71*b - 100. Give g(-39).
173
Let m(v) = -3607*v - 46534. What is m(-13)?
357
Let h(u) = -261*u**2 - 3375*u + 231. Calculate h(-13).
-3
Let b(i) = 35*i + 488. Calculate b(-65).
-1787
Let k(o) = 1996*o + 50705. Give k(-25).
805
Let t(w) = -5706*w - 57035. Determine t(-10).
25
Let a(g) = -16*g**2 + 349*g + 352. Calculate a(-1).
-13
Let k(g) = 4*g**2 + 931*g - 4986. Give k(-238).
12
Let p(a) = 15*a + 2255. Calculate p(-142).
125
Let d(a) = 36*a**2 - 667*a - 67. Give d(19).
256
Let x(z) = 23*z**3 - 7*z**2 - 26*z + 85. Calculate x(4).
1341
Let h(o) = -o**3 + 9*o**2 + 